culate the greatest common factor of 160 and 43640.
40
Calculate the greatest common divisor of 488 and 948.
4
What is the highest common factor of 2287657 and 361?
361
Calculate the highest common factor of 6325 and 150.
25
Calculate the greatest common factor of 18268 and 20.
4
What is the highest common divisor of 88 and 633798?
22
What is the greatest common divisor of 550004 and 455?
91
Calculate the highest common divisor of 441 and 50421.
147
What is the highest common factor of 242313 and 1416?
177
What is the greatest common divisor of 19227 and 347217?
1131
Calculate the highest common divisor of 26377 and 949.
13
Calculate the greatest common divisor of 842 and 4162006.
842
Calculate the highest common factor of 799140 and 380.
380
What is the greatest common divisor of 12696 and 16?
8
What is the greatest common factor of 808 and 316332?
404
Calculate the greatest common divisor of 891628 and 808.
404
Calculate the highest common factor of 214881 and 123.
123
Calculate the greatest common divisor of 345 and 454641.
69
What is the highest common divisor of 6169 and 1194?
199
What is the greatest common factor of 225316 and 532?
28
Calculate the highest common divisor of 41760 and 1600.
160
Calculate the highest common divisor of 1488 and 125922.
186
What is the highest common factor of 191718 and 738?
18
What is the highest common divisor of 234663 and 3?
3
What is the highest common divisor of 1984 and 20131648?
1984
What is the highest common factor of 509688 and 72?
72
Calculate the highest common divisor of 44901 and 18.
9
What is the greatest common factor of 16373 and 889?
7
Calculate the greatest common factor of 387058 and 294.
14
What is the greatest common divisor of 14424852 and 24?
12
Calculate the highest common divisor of 71053 and 41.
41
Calculate the highest common factor of 125 and 13610.
5
What is the highest common factor of 18250 and 219?
73
What is the greatest common divisor of 172558 and 1912?
478
What is the highest common factor of 6 and 391986?
6
What is the highest common divisor of 489 and 181745?
163
What is the highest common divisor of 4967056 and 1216?
304
What is the greatest common divisor of 224 and 165664?
32
Calculate the highest common factor of 301840 and 1760.
880
Calculate the greatest common factor of 2100 and 570325.
175
What is the highest common divisor of 1603 and 13969?
229
What is the greatest common factor of 56 and 842933?
7
What is the highest common factor of 1848 and 5654?
22
Calculate the highest common factor of 13200 and 3900.
300
Calculate the highest common divisor of 23075 and 3575.
325
Calculate the greatest common divisor of 34798 and 1096.
274
Calculate the highest common factor of 528 and 1221.
33
What is the highest common factor of 521744 and 16?
16
Calculate the highest common divisor of 45955 and 7735.
455
Calculate the greatest common divisor of 92128 and 16.
16
What is the highest common factor of 12255 and 7740?
645
Calculate the highest common factor of 60324 and 6996.
132
Calculate the greatest common divisor of 16210 and 50.
10
What is the greatest common divisor of 58 and 292001?
29
Calculate the highest common divisor of 48 and 1849800.
24
Calculate the greatest common factor of 50 and 147200.
50
Calculate the greatest common factor of 2813 and 5820.
97
What is the greatest common factor of 1206 and 179?
1
What is the greatest common factor of 30784 and 234?
26
What is the greatest common divisor of 443990 and 1160?
290
Calculate the highest common factor of 234 and 1157.
13
Calculate the greatest common factor of 21194766 and 171.
171
Calculate the highest common divisor of 3 and 101693.
1
Calculate the highest common divisor of 48688 and 12104.
136
Calculate the greatest common divisor of 427060 and 6683.
163
Calculate the greatest common divisor of 297 and 440640.
27
Calculate the greatest common divisor of 23474 and 110.
22
Calculate the highest common divisor of 1176 and 40488.
168
Calculate the highest common factor of 960 and 12900.
60
What is the greatest common factor of 160399 and 29?
29
What is the highest common divisor of 114180 and 40?
20
What is the greatest common factor of 913 and 6616511?
913
What is the highest common factor of 190 and 26562?
38
Calculate the greatest common factor of 306240 and 352.
352
What is the highest common factor of 800 and 981100?
100
What is the highest common divisor of 2 and 6469?
1
What is the highest common factor of 276642 and 36?
18
Calculate the highest common factor of 5304603 and 618.
309
Calculate the highest common divisor of 267 and 106355.
89
Calculate the greatest common factor of 4976 and 311.
311
What is the highest common factor of 56 and 35658?
14
What is the greatest common divisor of 137 and 7391013?
137
What is the highest common factor of 13312 and 31408?
208
What is the greatest common factor of 140077 and 7?
7
Calculate the greatest common divisor of 290 and 82534.
58
Calculate the highest common divisor of 293020 and 1150.
230
Calculate the greatest common divisor of 841 and 84564.
29
What is the greatest common divisor of 45947 and 132?
11
Calculate the greatest common divisor of 348 and 4002.
174
What is the highest common divisor of 6 and 499125?
3
What is the greatest common factor of 83526 and 96?
6
What is the highest common factor of 910 and 12894?
14
Calculate the highest common factor of 276885 and 1260.
315
Calculate the highest common factor of 1209285 and 698.
349
Calculate the highest common factor of 780 and 1655.
5
Calculate the greatest common factor of 4343 and 516.
43
Calculate the highest common divisor of 378227 and 179.
179
What is the greatest common factor of 8980 and 236174?
898
What is the greatest common factor of 63 and 326637?
9
What is the greatest common divisor of 96936 and 84?
84
Calculate the greatest common divisor of 159175 and 50.
25
What is the greatest common factor of 75 and 10025?
25
Calculate the greatest common divisor of 1904 and 14399.
119
What is the highest common factor of 98560 and 40?
40
Calculate the greatest common factor of 566172 and 72.
36
Calculate the greatest common divisor of 5871 and 19437.
57
Calculate the greatest common factor of 1615 and 102714.
323
What is the greatest common factor of 4 and 1129494?
2
What is the highest common divisor of 215 and 132397?
43
Calculate the greatest common factor of 96 and 364152.
24
Calculate the greatest common divisor of 3116750 and 20.
10
What is the greatest common factor of 1660 and 1840?
20
Calculate the highest common factor of 40064 and 32.
32
Calculate the greatest common divisor of 4 and 3073.
1
What is the highest common divisor of 9348 and 418?
38
Calculate the greatest common divisor of 75 and 50277.
3
Calculate the highest common divisor of 1283920 and 3520.
880
What is the highest common divisor of 4158700 and 26?
26
What is the greatest common factor of 3995 and 144619?
799
What is the greatest common factor of 21726 and 9?
9
What is the highest common factor of 1005 and 7370?
335
Calculate the greatest common factor of 3108 and 3169383.
777
Calculate the highest common divisor of 55 and 10747.
11
Calculate the highest common divisor of 47 and 60677.
47
Calculate the greatest common divisor of 3743281 and 1054.
527
What is the greatest common factor of 1136 and 704?
16
Calculate the greatest common divisor of 19239 and 30369.
159
What is the highest common factor of 4524 and 410988?
348
Calculate the highest common divisor of 3328 and 559.
13
Calculate the greatest common factor of 1530 and 48144.
102
Calculate the greatest common factor of 61465 and 285.
95
Calculate the highest common factor of 4674560 and 83.
83
Calculate the greatest common divisor of 2240 and 735.
35
What is the highest common factor of 42951 and 7645?
139
Calculate the highest common divisor of 3856 and 11327.
241
What is the highest common divisor of 1765380 and 12?
12
Calculate the highest common divisor of 16209 and 63.
9
Calculate the highest common divisor of 26282 and 360218.
1546
Calculate the greatest common divisor of 1035 and 252885.
345
Calculate the highest common factor of 5712 and 80976.
336
Calculate the greatest common divisor of 633 and 18779.
211
What is the highest common factor of 